5 - -3 - 5) - 0?
4
What is (-3 + 8 - 8 - 1) + 4?
0
Evaluate (-2 - (-1 - -5)) + 4.
-2
-4 + (16 - 6) + -5
1
Evaluate (2 + 2 - -1) + -1.
4
What is (1 - 10) + -44 + 48 - -6?
1
-5 - (0 + -2 + -5) - 3
-1
Calculate 0 - (-9 + 2 + 10).
-3
What is (1 - -8) + -6 + 0 + -2?
1
Evaluate 4 - (6 + 8 + -5).
-5
Evaluate -36 - -40 - (10 - (-1 + 2)).
-5
What is 3 + (-2 - (-4 + 8))?
-3
What is (0 + 3 - 2) + 0?
1
What is -3 + -6 + -4 + 9?
-4
Calculate 2 - (3 - 8 - -3).
4
Calculate -1 - (7 + (-5 - -2)).
-5
Evaluate -6 + -3 - -3 - -3.
-3
What is the value of -7 + 4 + 5 + -4?
-2
What is the value of 12 - (-8 - -10) - 17?
-7
What is the value of -8 - -1 - (3 + -5)?
-5
What is the value of (4 - (1 + 1)) + -2 - -1?
1
What is (-8 + 6 - -4) + -5?
-3
What is 0 + (-7 + 4 + 1 - -5)?
3
What is the value of (1 - (0 + 2 + 1)) + 2?
0
What is the value of 0 + 0 - (11 - (6 - -2))?
-3
What is 7 + -4 + -3 + -3?
-3
Calculate 3 + -8 + 0 + 4.
-1
Calculate 9 + (-8 - -4) + -2.
3
What is the value of -2 - 3 - -11 - 8?
-2
-3 + 0 + (-5 - 1 - -3)
-6
What is the value of 3 + (-2 - (8 - -1)) + 0?
-8
What is (1 - (1 + -1)) + (2 - -2)?
5
What is the value of (3 - 1 - (3 + -5)) + -7?
-3
Evaluate 33 + -38 - (-5 + 0).
0
Evaluate -14 + 12 + 2 + -2.
-2
What is the value of -4 + 11 - (2 - (-4 + 3))?
4
Evaluate (12 - (1 + 5)) + -10.
-4
What is the value of 1 - (11 + -9 + 5)?
-6
Calculate -1 - 2 - (-1 + (2 - 2)).
-2
1 - (4 + (-7 - 1))
5
What is 3 - (4 - -6) - (-27 - -9)?
11
What is the value of 1 + (-1 - -2) + -3 - 4?
-5
1 + 3 - ((-8 - -3) + 11)
-2
Calculate 9 + -8 + -4 + 7.
4
8 + (0 - (4 - 1))
5
What is 96 + -100 - (3 - (2 + -3))?
-8
(5 - 3) + (-5 - -10 - 5)
2
-7 + 14 - (-2 + 13)
-4
What is the value of (1 - 3) + (13 + -17 - -3)?
-3
Evaluate -10 - (6 + (1 - 12)).
-5
What is -5 - -6 - -1 - (-5 - -4)?
3
(5 - (-6 - -10)) + -6
-5
What is -9 + (7 - 11 - -18)?
5
What is the value of -5 - (12 - 5 - 10)?
-2
What is -3 - (-2 - (4 + -8 - -2))?
-3
-1 - ((7 - 8) + (1 - 0))
-1
What is -1 + -6 + 9 + 1?
3
Calculate -2 + 5 - (1 - (0 + 2)).
4
What is the value of (8 - -3) + (-5 - 1)?
5
Calculate 3 + -5 + -3 + 2.
-3
What is the value of 11 - (9 - (2 - 2))?
2
-59 + 58 + (0 - 1)
-2
What is the value of -10 - (3 + -18 + 9)?
-4
What is (-2 - -2) + 2 + (1 - -2)?
5
Evaluate 4 + (-10 - 1) + 8 + -1.
0
-3 - (-3 + 3 - 8)
5
What is the value of 9 + 1 + -13 + -5?
-8
Evaluate (11 - 3) + 1 - 5.
4
-8 + 1 + (-40 - -43)
-4
Calculate 5 + -4 + -4 + -2.
-5
Calculate 2 - ((2 - 3) + 4).
-1
What is the value of -1 - ((4 - 0) + -2 + 1)?
-4
What is 1 - (-15 - -3 - (7 + -12))?
8
Calculate 11 + -1 + (-10 - -5).
5
Calculate 9 - (1 - 0 - -4).
4
Calculate -6 - (-11 - (-3 + 11) - -6).
7
Evaluate -13 - -14 - (-1 + (-5 - -2)).
5
Evaluate (-1 - (3 + 1)) + 2.
-3
What is the value of (0 - (-2 + 0)) + 3 + -3?
2
What is (-5 - -2) + (63 - 58)?
2
-2 - -3 - (0 - -2)
-1
What is 0 + (3 - -3) + -3 + -6?
-3
What is (-3 - 2) + 5 + 3?
3
Evaluate (-5 + (2 - -8) - 2) + -5.
-2
What is (-7 - 6) + 15 - (-4 + 0)?
6
What is the value of -1 + 0 + (-2 - -1 - -3)?
1
1 - 6 - (0 - 2)
-3
1 - (-6 - (1 - (-2 - -6)))
4
What is -2 + (1 - -1) + 0?
0
What is (-1 + 1 - -1) + 2 + 1?
4
What is 0 - (-9 + 5) - 4 - 3?
-3
Evaluate 4 - 0 - 11 - -5.
-2
Evaluate 1 + -1 + 4 + -11.
-7
-9 + 13 + (-9 - -1) - -3
-1
Calculate 8 - 3 - (14 + -5).
-4
Evaluate (64 - 59) + -8 + 1.
-2
Evaluate -2 + -1 + 2 + 0 + 4.
3
Calculate 8 + (-17 - -6) - (2 - 2).
-3
11 + -3 + (5 - 8)
5
Evaluate 2 - -1 - (13 - 11) - -4.
5
Evaluate -6 + 10 + 2 + -6.
0
(-7 - -16) + -8 + -6
-5
What is 13 + (-3 - 2) - (-2 + 6)?
4
What is (-4 - -12) + (-5 - 3) + 2?
2
What is (-34 - -41) + (2 - 15)?
-6
What is (-2 - (-4 - -8)) + 12?
6
What is -3 - -2 - 2 - -4?
1
What is the value of 1 + (4 - 8 - -2)?
-1
Evaluate (-2 - 3 - -6) + 0 + -3.
-2
2 + -7 + -1 + (9 - 4)
-1
What is (-1 - -2 - (14 - 12)) + 8?
7
(-1 - 3) + (9 - 12) + 6
-1
What is the value of -4 + -11 + -2 + 22?
5
-8 + 3 + -5 + (10 - 3)
-3
Calculate (3 - (0 - 7)) + -6 + 0.
4
What is -3 - (-4 - 2) - 3 - 2?
-2
Calculate -6 - (-15 - -5) - 6 - -6.
4
What is the value of 0 + (0 - 1) - -4?
3
Calculate -7 + (-6 - (-17 - -4)).
0
What is 19 + -18 + 7 + 0?
8
Calculate -4 + 6 + (3 - 3 - 5).
-3
Calculate -5 + 0 - (0 + (-3 - -1)).
-3
What is -1 - 6 - -2 - -5 - -3?
3
What is the value of 4 + (6 - (14 + -1))?
-3
What is 0 + 10 + -11 + (0 - -7)?
6
Evaluate -4 + 3 + -1 + -2 + 1.
-3
What is the value of (10 - 0) + (32 - (11 + 27))?
4
What is (2 - -1) + (0 - (-9 - -17))?
-5
What is (11 - 9) + -4 + -6 + -2?
-10
Evaluate (-6 - (8 + -5)) + 0.
-9
Evaluate (-6 + -1 - -2) + 0.
-5
Calculate -2 + 4 + -10 + 8 + -5.
-5
Evaluate 6 + (-7 + 7 - -1).
7
Evaluate -4 + (-7 - -6 - -7).
2
What is -1 + (3 - (-12 - -22))?
-8
What is 2 + 3 + (-7 - -3) - -4?
5
Evaluate -3 + (4 - 4) + -1 - 0.
-4
Calculate -3 + 1 + (1 - 0).
-1
What is the value of -6 + 0 + 14 + -13 + 9?
4
What is the value of -8 + (-3 - -22) + -21?
-10
7 + 0 - (2 - -3) - -4
6
Calculate -35 - -42 - (1 + 4).
2
-3 + 6 + (2 - 0) + -6
-1
Calculate (-3 - (-9 + 2)) + -1 + -5.
-2
Calculate -1 - 5 - (2 + 5 - 10).
-3
(1 - 7) + 3 - (-7 - 1)
5
Evaluate 9 + (-1 - 2) - 1.
5
Calculate (9 - 7) + 5 - 2 - -3.
8
Evaluate 1 + 5 + -2 + (-1 - 4).
-1
Calculate 0 + (-18 - -14) + -1 + 1.
-4
-5 + (-2 - (3 + -2)) + 3
-5
4 - (0 - (-2 - -3) - -3)
2
Calculate -1 - (13 + -17 - (-2 - 0)).
1
13 + -9 + 1 + -9
-4
1 + 6 - 3 - 2
2
1 - ((-12 - -2) + (0 - -4))
7
Evaluate -3 + 16 - (-5 - -8).
10
What is the value of -2 + 15 + 4 - 9?
8
Calculate -1 - (2 + 3) - -11.
5
-1 + -2 + (5 - -2)
4
What is the value of -4 - (-5 - (0 + -4))?
-3
Calculate 3 - (-5 + 1 + 4).
3
What is (1 - -3 - 5) + 0?
-1
Calculate 9 - (7 + (7 - 2)).
-3
What is the value of -5 - (-10 + 16 + -10)?
-1
Calculate -3 + 0 - (-1 + -9 - -5).
2
Evaluate 3 + 2 + 3 + -5.
3
What is 0 - (0 + -4 + 8) - -5?
1
1 - (6 - (-1 + 1))
-5
Calculate (3 - 10 - -2 - -4) + -7.
-8
Calculate 2 - (3 - (3 - 3) - 5).
4
Evaluate (1 - (4 + 4)) + 1 + -1.
-7
3 - (-3 - (-10 + 3 + -4))
-5
Evaluate (-5 - (-5 + 2)) + 4.
2
What is 4 - (-3 + (5 - 3) - -5)?
0
-16 + 17 - (-3 + 1)
3
What is -4 + 1 + 1 + (74 - 66)?
6
1 - (-8 + 10 - (2 - -1))
2
What is (-4 - (4 + -4)) + 21 + -8?
9
What is 19 + -17 + 4 + -1 - 10?
-5
What is the value of (11 - 5 - 7) + -1 + 3?
1
Evaluate (-2 - 0) + 4 + -4 + 6.
4
(-1 - -6) + -4 + 3
4
What is the value of 0 + 4 + -6 + -3?
-5
Calculate (-4 - -3) + -10 + 8.
-3
Evaluate 9 + -12 - (-1 + 0).
-2
39 - 31 - (-1 + 4)
5
What is 0 + -4 - (23 + -31)?
4
Evaluate 24 + -11 + -5 - 8.
0
(4 - 9) + 5 - (-7 - -5)
2
Calculate (31 - 28) + (-1 - 1) + -4.
-3
What is the value of -3 + (4 - 15 - -6 - -10)?
2
What is -4 - (-6 + 6 - (2 - -2))?
0
Calculate 4 + -4 + -1 + 0 + 8.
7
Evaluate -4 + 8 + -4 - (-5 + 9).
-4
Calculate -2 + -1 + -13 + 12.
-4
1 + -7 - (-1 - 8)
3
5 + (-12 - -1 - -2)
-4
What is (1 - (0 + -1)) + 3 + -9?
-4
Calculate 8 + (1 - 1 - 1 - 4).
3
Evaluate -21 - -16 - (0 + -7).
2
What is (4 - 4) + -5 + 3?
-2
Calculate -11 + 5 + 2 - -4.
0
What is 0 + -5 - (-11 + 7)?
-1
0 - -3 - ((-6 - -26) + -11)
-6
(0 - 6 - -11) + -10
-5
Evaluate (0 - (-13 + 2)) + -3 + -5.
3
What is the value of (-1 - -4) + (-3 - -3)?
3
What is (-7 - -9) + 0 + 4?
6
Evaluate 7 + (2 - (-1 + -1 + 4)).
7
What is the value of 2 - (-6 + 9 - 2) - 6?
-5
What is 2 + -4 + -2 + (1 - 0)?
-3
Calculate 5 + (-4 - (-1 + 4 + -5)).
3
What is the value of 1 - (3 + 0 + -4 - 3)?
5
Calculate -8 + 12 + -10 + 5.
-1
What is the value of (2 - -4) + 16 + -17 + 1?
6
1 + -3 + 5 + -5 + -3
-5
What is the value of -2 - (-8 + -3 - -4 - -1)?
4
What is the value of 1 + 1 + 3 + -7?
-2
0 + (0 - (-1 - -1)) - 4
-4
Calculate -4 + 4 + 0 + -1.
-1
What is the value of (0 - (16 + -10)) + 6?
0
(6 + -3 - -5) + (-109 - -95)
-6
What is -5 - (-2 - (-4 - -5))?
-2
What is the value of -3 + 5 - (-4 + 9)?
-3
Calculate -4 - (1 + 5 + -8).
-2
Evaluate 0 - ((-10 - -8) + -3).
5
What is (4 - -2 - (2 + 1)) + 0?
3
What is the value of 1 + 3 + (-3 - -4) + -2?
3
-3 - (4 - (16 + -9))
0
What is the value of (-10 - -4) + 3 + 2?
-1
What is the value of -6 - (7 + -11 + -1 + -6)?
5
What is the value of 4 - (5 + (5 - 9) + -2)?
5
What is 0 - 0 - (-8 + -5 + 16)?
-3
What is 0 + 1 + -3 - -8?
6
Calculate 4 - (3 + 0 + 4).
-3
(-2 - -1) + -8 + 10
1
-7 + 1 + 1 - -3
-2
What is 7 - 4 - (0 - -6) - -7?
4
Evaluate -4 - -20 - (-8 - -17).
7
Calculate (-7 - -3) + 7 - 0.
3
Calculate (0 - 